 d(f) = f - 7. Calculate d(p).
-1
Let r(q) = -5*q**3 - 6*q**2 - 13*q + 6. Let v(d) = d**3 - d**2 + 4*d + 1. Let j(k) = r(k) + 6*v(k). Give j(11).
12
Let r(m) = 19*m**2 - 8*m - 10. Let u(v) = 9*v**2 - 4*v - 5. Let l(p) = 4*r(p) - 9*u(p). Let c(z) = -z**2 + z + 1. Let n(f) = 3*c(f) - l(f). Give n(3).
13
Let i(k) = k + 18. Let b be i(-15). Let a(y) = 47*y - 25*y + 7 - 31*y - y**b - 11*y**2. Calculate a(-10).
-3
Let n(j) = -4*j + 1. Suppose 4*b - 6*b + 2 = 0. Determine n(b).
-3
Let i(q) = -20 + 12 - 6*q**2 + 2*q + q**3 - 2*q**3 - 2 - 8*q. Give i(-5).
-5
Let v be -4 - ((-128)/4)/4. Suppose 4*k - v = 16. Let m(g) = -g + 8. Determine m(k).
3
Let z = 207 - 204. Let p(q) = 17*q - 52. Give p(z).
-1
Let l = -102 - -123. Suppose -4*f + k - l = 0, 7*k = -5*f + 10*k - 28. Let b(p) be the first derivative of p**3/3 + 4*p**2 + 5*p + 1. Give b(f).
-10
Let u(t) = -t**3 - 6*t**2 - 3*t + 3. Let v be (1/(-2))/(14/(-28)). Let z(p) = -6*p + 1. Let q be z(v). Determine u(q).
-7
Let p(r) = r + 1. Suppose 0 = -2*g + 17 + 13. Let h(i) = -1 - 9*i + 5*i - 3. Let o(d) = g*p(d) + 3*h(d). Calculate o(-3).
-6
Suppose -26*a - 25*a = 255. Let m(k) = k**3 + 3*k**2 - 6*k + 6. Determine m(a).
-14
Let h(m) = -2*m**3 + 10*m**2 - 14*m - 15. Let g(i) = 3*i**3 - 10*i**2 + 15*i + 15. Let y(f) = -3*g(f) - 4*h(f). Calculate y(-11).
15
Let z(c) = -c**3 + 3*c**2 + 3. Suppose 3*u = d, -3*u + 4*d = -u. Suppose u = q - 10 + 7. Suppose -5*v = -3*t + 19, 0*t - q*v - 3 = t. Determine z(t).
3
Suppose -4*q + 1 - 21 = 0. Let s(k) = -3*k**2 + 7*k + 7. Let a(u) = -2*u**2 + u + 1. Let o(c) = 2*a(c) - s(c). Calculate o(q).
-5
Let n(i) = i**2 + 3*i - 26. Let t be n(-7). Let g(k) = 6*k**2 + k - 1. Give g(t).
25
Let y(j) = -j**3. Suppose 4*p + 18 = -3*q, p + 0*p + 5*q = 4. Let w be ((-2)/(-4))/(p/12*1). Determine y(w).
1
Suppose 3*j = -2 + 8. Let o(n) = -1 + 0*n**2 + 0*n**2 + 2*n**j - n**2 + 5*n**3. Calculate o(1).
5
Let x(r) = -r**2 + 7*r - 4. Let o = -1094 - -1106. Suppose -3*i = -17 - 4. Suppose 0 = i*g - 9*g + o. Calculate x(g).
2
Let z(h) = -15*h**2 - 16*h + 11. Let f(y) = 3*y**2 + 3*y - 2. Let g(j) = 11*f(j) + 2*z(j). Let o = 320 - 322. Determine g(o).
10
Let x(b) = b**2 + 3*b + 3. Let h(g) be the second derivative of -g**3/6 + 3*g**2/2 - 4*g. Let z be h(9). Let d be (3/z)/(1/4). What is x(d)?
1
Let c(z) = 11*z**2 - z - 9. Let b(x) = 9*x**2 - 2*x - 9. Let n(s) = -5*b(s) + 4*c(s). Determine n(7).
2
Let u(s) = 7 + 108*s**2 - 8 - 107*s**2 - s**3. What is u(-1)?
1
Let c(d) = 5*d + 4. Let k(b) = b**3 + 11*b**2 + 2. Let u be k(-11). Let y(q) = 3 + 6*q - 4*q - 2 + u. Let o be y(-3). What is c(o)?
-11
Let d(g) = g**2 + 1. Suppose q + s = -9, -2*q + 4*s - 2 - 34 = 0. Let w be (-54)/q*8/18. What is d(w)?
5
Suppose 2*g = -5*d - 43, 2*d = g + 84 - 94. Let j(b) = -3*b**2 - 17*b. What is j(d)?
-28
Let f be 5/(20/3)*4. Let k(y) = -y - 3. Give k(f).
-6
Let x(p) = -3*p**3 + 31*p**2 - 36*p + 3. Let v be x(9). Let n(z) be the second derivative of -3*z**2 - 13*z + 1/12*z**4 + 0 + 1/3*z**v. What is n(-5)?
9
Let a(u) = 7 + 9*u + 3*u**2 - 2*u - 2*u**2. Let g be 29/(116/(-48)) + 6. Give a(g).
1
Suppose -5*p - 2*i + 49 = 162, 4*i = p + 5. Let b = 19 + p. Let c(f) = -12*f + 2 + 3*f + 5*f. What is c(b)?
10
Let m be ((-6)/(-4) + 0)*-2. Let z(q) = -6*q**3 + q**2 + 2*q - 6. Let l(c) = 7*c**3 - 2*c**2 - 3*c + 7. Let y(j) = -5*l(j) - 6*z(j). What is y(m)?
1
Let t(d) = d**2 - d + 8. Suppose -4*n = -2*n. Suppose n*b - 3*c = 5*b - 15, -b + 3*c - 15 = 0. Give t(b).
8
Let x(q) = -3*q + 19 + 38 - 59 + 2*q. Calculate x(0).
-2
Let m be (-5)/(10/12)*1/(-1). Suppose -j - 2 = -y + 2*y, -3*j = -3*y + m. Let z(f) = -f**3 - f**2 - f + 8. Calculate z(y).
8
Let o(f) be the first derivative of 3*f + 1 - 3/2*f**2. Suppose 0 = 4*r - 3*c - 13 + 4, 0 = -2*r + c + 5. Determine o(r).
-6
Let l(o) = o**3 - o**2 - 3*o + 6. Suppose 0 = w + 4*x - 3, 3*x - 8 = 4*w - 20. Calculate l(w).
15
Let h(a) = -3*a**3 + a**3 - 4*a**3 - 1 + a - a**2 + 0*a. Suppose -2*n + 4 = 2. Suppose -u + 0 = -n. Determine h(u).
-7
Let t(n) = 4*n**2 + n - 1. Let q be t(1). Suppose -2*j + 4*s - 2 = 0, q*j + 14 = -0*j - 2*s. Let m be 1 + (3 + -2 - j). Let o(g) = -g**2 + 7*g - 7. Give o(m).
3
Let r = 91 - 84. Let x(h) = 2*h - 5. Calculate x(r).
9
Let k(d) = -1. Let b(h) = -7*h - 10. Let m(f) = b(f) + 2*k(f). Calculate m(-5).
23
Let a(o) = -o**3 - 7*o**2 + 6*o + 3. Suppose 4*s = -2*b - 32, 4*s + 38 = -4*b + 2. Give a(s).
-39
Let s(y) = 2*y - 11. Let i be 32 + -34 - (-11 - (-2 + 1)). Calculate s(i).
5
Let i = 1278 - 1263. Let w(b) = 3*b - 23. Calculate w(i).
22
Let c(n) be the third derivative of n**6/120 - 2*n**5/15 - n**3/2 - 3*n**2. Suppose -5*u - 54 = u. Let x = -1 - u. Determine c(x).
-3
Let a(x) be the second derivative of x**6/120 + x**5/30 - x**4/24 + 17*x**2/2 - 14*x. Let q(u) be the first derivative of a(u). What is q(-2)?
2
Let d(x) = -x + 6. Let n be (-10)/75 + 282/90. Calculate d(n).
3
Let d be (3 - 3 - -4 - 4) + 0. Let u(t) be the third derivative of 0 + 11*t**2 + 1/24*t**4 + d*t - 2/3*t**3. Determine u(4).
0
Let p(z) = z + 16. Suppose 3*a = 3*u - 42, -5*a + 7 = -2*u - 10*a. Suppose -1 = d + u. Let f be p(d). Let l(k) = k**3 - 5*k**2 - 8*k + 9. Calculate l(f).
-3
Let c(k) = -2164*k**2 + 27 + 4315*k**2 - 2152*k**2 + k - 7. Suppose -x = 4*x. Give c(x).
20
Suppose -m - m + 4 = 0. Let l(o) = -897 - o**2 - 893 + 2695 - 903 + o. What is l(m)?
0
Let o(k) = -k**2 + 10*k - 21. Let a be (-12)/(-3 - ((-2 - -4) + -3)). What is o(a)?
3
Suppose 4*f - 5*h = -15, 2*f = 6*f + h + 21. Let w(u) be the second derivative of u**4/12 + 5*u**3/6 - 3*u**2 + 7*u - 34. What is w(f)?
-6
Let r(f) = 389 - 3*f + 365 - 754. Let m(a) = -a**2 - 2*a + 7. Let i be m(-5). Let s = -5 - i. Calculate r(s).
-9
Let s(r) = -r**3 - 10*r**2 + r + 8. Let g be s(-10). Let m(u) = -2*u**3 - 2*u**2 + 2*u. Give m(g).
4
Let v be (-2 - 11) + 48/8. Let w(r) = -r**2 - 6*r - 1. Determine w(v).
-8
Let a = 8 - 5. Let m = 19 + 32. Let c(k) = -25 + m - 30 + 3*k. Give c(a).
5
Let r(w) = -13*w**3 + 2*w**2 + 4*w - 2. Let x(h) = -36*h**3 + 5*h**2 + 12*h - 6. Let b(v) = 11*r(v) - 4*x(v). Calculate b(3).
35
Let z(s) = -s**3 - 9*s**2 - 11*s - 6. Let t be z(-8). Suppose 4*h - t = -6. Let x(c) = -c + c + 3*c - c**h - 4*c - 1. Calculate x(2).
-11
Let r be 182/26 + (-1 - 1). Let c(p) = p**3 - 3*p**2 - 13*p + 15. Let d be c(r). Let v(g) = 0 - 9 + g**3 - 2*g**3. Give v(d).
-9
Let i(k) be the second derivative of k**3/3 + 5*k**2/2 + 2*k - 1. Let g be i(-6). Let t(u) = -u**2 - 10*u - 5. Determine t(g).
16
Let i(d) = -39*d - 36. Let p(x) = -11*x - 10. Let r(y) = 5*i(y) - 18*p(y). What is r(3)?
9
Let q(d) = -4*d + 16. Let j be q(5). Let x(f) = -2*f**2 + f + 2. Let s(n) = -n**2 + 1. Let i(t) = j*x(t) + 7*s(t). What is i(2)?
-5
Let y(n) = -n**2 + 5*n + 22. Suppose -3*l + 181 = 157. What is y(l)?
-2
Let z(c) = 24*c**3 - 49*c**3 + 24*c**3 - 8*c**2 - 7*c + 2. What is z(-7)?
2
Let n(r) = 23*r**2 - r. Suppose 5*f - 2*b = 55, -28 - 16 = -4*f + b. Suppose -f*s - s = 12. Give n(s).
24
Let h(w) = -w**3 - 2*w**2 + 4. Let j(u) = 2*u**3 + 6*u**2 - u - 8. Let p(s) = 7*h(s) + 3*j(s). Determine p(3).
4
Let h(v) = 6*v**2 - v - 1. Let f = 54 + -54. Let q be -1 + (-4 + f - -1 - -3). What is h(q)?
6
Let l(o) = -o**3 + 2*o**2 + 4*o - 2. Let w(b) = -b - 3. Let u be w(3). Let j be 0 - (0 + u + 3). Let k be l(j). Let c(v) = v**3 - v**2 + v. Calculate c(k).
1
Let j(y) = -y. Let d(f) = -2*f. Let z(l) = 2*d(l) - 5*j(l). Suppose -2*t = -4*c + 2 + 2, -t = -c + 3. Calculate z(c).
-1
Let g = -7 + 10. Let k(z) = -1 - 1 - 134*z + 139*z + g. What is k(-2)?
-9
Let r be (-6)/21 + 30/7. Let q(m) = -5*m**2 + 4*m**2 - 5*m + r + 2 + 3. Determine q(-7).
-5
Let w = 1190 - 1198. Let b(z) = -2*z - 14. Determine b(w).
2
Let g(v) be the second derivative of -1/4*v**4 + 21*v + 0 + 2*v**2 - 1/3*v**3. Determine g(-3).
-17
Let m(f) = f**2 + 50*f**3 - 28*f**3 - 21*f**3 + 1. Determine m(0).
1
Let t(g) = g - 12. Let l(j) = -2. Let u(z) = -4*l(z) - 2*t(z). Let f be u(14). Let p(n) = n**3 - 5*n**2 + 3*n + 3. Calculate p(f).
-1
Let x(l) = l + 7. Suppose -2*w = -k + 12, 0 = -4*k + 3*w - 5*w + 58. Let t(s) = s**3 - 3*s**2 + 8*s + s - 5 + s + k*s**2. Let m be t(-10). Determine x(m).
2
Let i(o) = o**2 - 13*o + 11. Suppose -5*h = -14*c + 19*c - 65, 3*c = -4*h + 43. Calculate i(c).
-25
Let d(w) = -5 - w**3 - 2